ivided by 254.
248
Calculate the remainder when 4550551 is divided by 91011.
1
Calculate the remainder when 4881526 is divided by 898.
896
Calculate the remainder when 24088 is divided by 4811.
33
Calculate the remainder when 111103 is divided by 327.
250
What is the remainder when 36960350 is divided by 16900?
50
What is the remainder when 581259 is divided by 672?
651
Calculate the remainder when 97780108 is divided by 5744.
5740
Calculate the remainder when 408495 is divided by 407797.
698
Calculate the remainder when 9891 is divided by 821.
39
Calculate the remainder when 2148125 is divided by 52393.
12
What is the remainder when 3860863 is divided by 3860859?
4
Calculate the remainder when 360736 is divided by 21156.
1084
What is the remainder when 4658339 is divided by 69526?
97
Calculate the remainder when 414180 is divided by 4.
0
Calculate the remainder when 29135 is divided by 396.
227
What is the remainder when 277026 is divided by 847?
57
What is the remainder when 7210930 is divided by 10316?
46
What is the remainder when 17138991 is divided by 801?
795
What is the remainder when 45509 is divided by 1751?
1734
Calculate the remainder when 5511569 is divided by 1381.
1379
What is the remainder when 1412455 is divided by 282453?
190
Calculate the remainder when 254514567 is divided by 22.
21
Calculate the remainder when 499455 is divided by 741.
21
Calculate the remainder when 1532347 is divided by 13441.
73
Calculate the remainder when 25292 is divided by 37.
21
What is the remainder when 63689233 is divided by 15?
13
Calculate the remainder when 1775174 is divided by 1447.
1152
Calculate the remainder when 653579 is divided by 50222.
693
Calculate the remainder when 373336 is divided by 12043.
3
What is the remainder when 1144573 is divided by 381520?
13
Calculate the remainder when 632756503 is divided by 211.
208
What is the remainder when 76021 is divided by 36826?
2369
What is the remainder when 1610880 is divided by 80540?
80
Calculate the remainder when 8978113 is divided by 78068.
293
Calculate the remainder when 7177466 is divided by 2392485.
11
What is the remainder when 946562 is divided by 17855?
247
What is the remainder when 40125618 is divided by 49?
8
Calculate the remainder when 182001 is divided by 12106.
411
Calculate the remainder when 229076250 is divided by 4283.
4278
Calculate the remainder when 119288 is divided by 4067.
1345
Calculate the remainder when 4298393 is divided by 1032.
113
What is the remainder when 99569 is divided by 92459?
7110
Calculate the remainder when 65981 is divided by 60541.
5440
What is the remainder when 3377753 is divided by 343?
232
What is the remainder when 31956 is divided by 5783?
3041
Calculate the remainder when 208528275 is divided by 11.
10
What is the remainder when 220204 is divided by 95?
89
What is the remainder when 6845471 is divided by 526574?
9
What is the remainder when 29911894 is divided by 264707?
3
Calculate the remainder when 1131751 is divided by 70.
61
What is the remainder when 513823 is divided by 460?
3
Calculate the remainder when 22671518 is divided by 40.
38
Calculate the remainder when 620263 is divided by 1145.
818
What is the remainder when 141212 is divided by 47058?
38
Calculate the remainder when 13086465 is divided by 4522.
4319
What is the remainder when 55527 is divided by 612?
447
What is the remainder when 1505286 is divided by 752637?
12
What is the remainder when 49155 is divided by 1201?
1115
Calculate the remainder when 6645592 is divided by 65.
57
Calculate the remainder when 13264501 is divided by 19857.
25
Calculate the remainder when 311490 is divided by 13519.
553
Calculate the remainder when 9588785 is divided by 67.
13
What is the remainder when 3598304 is divided by 69198?
8
Calculate the remainder when 224991 is divided by 2143.
2119
What is the remainder when 499089 is divided by 3873?
3345
What is the remainder when 4899 is divided by 1051?
695
What is the remainder when 24020 is divided by 802?
762
What is the remainder when 28235859 is divided by 1230?
1209
Calculate the remainder when 204816832 is divided by 7661.
7658
Calculate the remainder when 2928207 is divided by 126.
93
What is the remainder when 4998864 is divided by 343?
325
Calculate the remainder when 23154 is divided by 1107.
1014
What is the remainder when 611298 is divided by 907?
887
What is the remainder when 368466 is divided by 1144?
98
Calculate the remainder when 107426098 is divided by 115.
113
What is the remainder when 765186 is divided by 1880?
26
What is the remainder when 101346633 is divided by 2559?
2556
Calculate the remainder when 1654901 is divided by 236385.
206
Calculate the remainder when 138876 is divided by 69411.
54
What is the remainder when 610400 is divided by 137?
65
What is the remainder when 2366861 is divided by 447?
443
What is the remainder when 6390168 is divided by 2902?
2866
What is the remainder when 26935 is divided by 13377?
181
Calculate the remainder when 78786569 is divided by 5122.
5087
Calculate the remainder when 3596357 is divided by 79919.
2
Calculate the remainder when 675035 is divided by 337506.
23
What is the remainder when 6586740 is divided by 3463?
114
Calculate the remainder when 12982 is divided by 1321.
1093
Calculate the remainder when 122460 is divided by 3658.
1746
What is the remainder when 10134 is divided by 2696?
2046
Calculate the remainder when 3317156 is divided by 105.
101
What is the remainder when 93401 is divided by 249?
26
What is the remainder when 3021249 is divided by 1953?
1911
What is the remainder when 6856803 is divided by 892?
891
What is the remainder when 14481248 is divided by 662?
660
What is the remainder when 2952973 is divided by 328062?
415
What is the remainder when 51803 is divided by 1198?
289
What is the remainder when 2872680 is divided by 19?
13
What is the remainder when 30318283 is divided by 147176?
27
What is the remainder when 35064 is divided by 3771?
1125
What is the remainder when 6456735 is divided by 223?
216
What is the remainder when 106784 is divided by 106235?
549
What is the remainder when 79224 is divided by 247?
184
What is the remainder when 1213144 is divided by 2555?
2074
What is the remainder when 29683 is divided by 9253?
1924
What is the remainder when 119789 is divided by 6643?
215
What is the remainder when 2678816 is divided by 98?
84
What is the remainder when 6658 is divided by 666?
664
Calculate the remainder when 3109398 is divided by 427.
411
What is the remainder when 14989807 is divided by 29?
26
What is the remainder when 30307 is divided by 29130?
1177
What is the remainder when 108385 is divided by 167?
2
What is the remainder when 12764314 is divided by 1063687?
70
Calculate the remainder when 5020847 is divided by 557871.
8
Calculate the remainder when 1872012 is divided by 1871726.
286
Calculate the remainder when 34759767 is divided by 15.
12
Calculate the remainder when 361329 is divided by 124.
117
Calculate the remainder when 3772715 is divided by 628784.
11
Calculate the remainder when 33664426 is divided by 350671.
10
Calculate the remainder when 4430445 is divided by 1476741.
222
Calculate the remainder when 19599046 is divided by 252.
250
Calculate the remainder when 19197 is divided by 125.
72
Calculate the remainder when 137261 is divided by 45578.
527
What is the remainder when 43397 is divided by 627?
134
What is the remainder when 1890814 is divided by 193?
186
Calculate the remainder when 47952383 is divided by 197.
22
Calculate the remainder when 7569887 is divided by 1176.
1151
Calculate the remainder when 8330414 is divided by 628.
622
Calculate the remainder when 78877128 is divided by 59485.
18
Calculate the remainder when 1184997 is divided by 394873.
378
Calculate the remainder when 2581560 is divided by 13439.
1272
Calculate the remainder when 3830245 is divided by 6514.
13
Calculate the remainder when 996121 is divided by 41.
26
What is the remainder when 215600711 is divided by 75?
11
Calculate the remainder when 146600 is divided by 275.
25
Calculate the remainder when 19976215 is divided by 786.
25
Calculate the remainder when 1182234 is divided by 598.
586
What is the remainder when 2375114 is divi